17
List the prime factors of 29565.
3, 5, 73
What are the prime factors of 1426?
2, 23, 31
What are the prime factors of 7999?
19, 421
List the prime factors of 553.
7, 79
What are the prime factors of 142716?
2, 3, 7, 1699
What are the prime factors of 18895?
5, 3779
List the prime factors of 5750.
2, 5, 23
List the prime factors of 2086.
2, 7, 149
What are the prime factors of 15061?
15061
What are the prime factors of 426?
2, 3, 71
What are the prime factors of 413?
7, 59
What are the prime factors of 24807?
3, 8269
List the prime factors of 70539.
3, 7, 3359
What are the prime factors of 37053?
3, 23, 179
What are the prime factors of 35478?
2, 3, 73
What are the prime factors of 2353?
13, 181
List the prime factors of 9230.
2, 5, 13, 71
What are the prime factors of 39609?
3, 163
List the prime factors of 55904.
2, 1747
What are the prime factors of 42073?
42073
What are the prime factors of 13024?
2, 11, 37
List the prime factors of 7432.
2, 929
What are the prime factors of 1549?
1549
What are the prime factors of 4649?
4649
What are the prime factors of 17507?
7, 41, 61
What are the prime factors of 6263?
6263
What are the prime factors of 999?
3, 37
List the prime factors of 67156.
2, 103, 163
List the prime factors of 1812.
2, 3, 151
List the prime factors of 419.
419
List the prime factors of 12363.
3, 13, 317
List the prime factors of 4612.
2, 1153
What are the prime factors of 30957?
3, 17, 607
List the prime factors of 14779.
14779
List the prime factors of 399.
3, 7, 19
What are the prime factors of 16695?
3, 5, 7, 53
List the prime factors of 15421.
7, 2203
List the prime factors of 5641.
5641
What are the prime factors of 2749?
2749
What are the prime factors of 14352?
2, 3, 13, 23
List the prime factors of 10209.
3, 41, 83
List the prime factors of 7246.
2, 3623
List the prime factors of 3889.
3889
What are the prime factors of 3464?
2, 433
What are the prime factors of 40080?
2, 3, 5, 167
What are the prime factors of 41915?
5, 83, 101
What are the prime factors of 82978?
2, 7, 5927
List the prime factors of 5156.
2, 1289
What are the prime factors of 16689?
3, 5563
List the prime factors of 1160.
2, 5, 29
What are the prime factors of 60403?
7, 8629
What are the prime factors of 552?
2, 3, 23
List the prime factors of 5425.
5, 7, 31
List the prime factors of 167.
167
What are the prime factors of 5372?
2, 17, 79
What are the prime factors of 1138?
2, 569
What are the prime factors of 10916?
2, 2729
What are the prime factors of 1968?
2, 3, 41
List the prime factors of 1731.
3, 577
List the prime factors of 1065.
3, 5, 71
List the prime factors of 6386.
2, 31, 103
List the prime factors of 6442.
2, 3221
What are the prime factors of 3855?
3, 5, 257
List the prime factors of 452.
2, 113
List the prime factors of 5226.
2, 3, 13, 67
What are the prime factors of 7167?
3, 2389
What are the prime factors of 5798?
2, 13, 223
What are the prime factors of 7848?
2, 3, 109
List the prime factors of 1555.
5, 311
List the prime factors of 8467.
8467
List the prime factors of 3065.
5, 613
What are the prime factors of 13784?
2, 1723
List the prime factors of 8617.
7, 1231
What are the prime factors of 11464?
2, 1433
What are the prime factors of 20014?
2, 10007
List the prime factors of 2835.
3, 5, 7
List the prime factors of 669.
3, 223
What are the prime factors of 127254?
2, 3, 127, 167
List the prime factors of 751.
751
List the prime factors of 2945.
5, 19, 31
What are the prime factors of 264?
2, 3, 11
List the prime factors of 388.
2, 97
List the prime factors of 3612.
2, 3, 7, 43
What are the prime factors of 42088?
2, 5261
List the prime factors of 1748.
2, 19, 23
What are the prime factors of 5047?
7, 103
List the prime factors of 33899.
109, 311
What are the prime factors of 26561?
26561
What are the prime factors of 1086?
2, 3, 181
List the prime factors of 336.
2, 3, 7
What are the prime factors of 628?
2, 157
What are the prime factors of 2366?
2, 7, 13
What are the prime factors of 40391?
13, 239
List the prime factors of 6644.
2, 11, 151
What are the prime factors of 170237?
37, 43, 107
What are the prime factors of 406?
2, 7, 29
What are the prime factors of 2152?
2, 269
List the prime factors of 11592.
2, 3, 7, 23
What are the prime factors of 635?
5, 127
List the prime factors of 878.
2, 439
List the prime factors of 741.
3, 13, 19
What are the prime factors of 755?
5, 151
List the prime factors of 1895.
5, 379
What are the prime factors of 40056?
2, 3, 1669
List the prime factors of 37998.
2, 3, 2111
List the prime factors of 154.
2, 7, 11
What are the prime factors of 2013?
3, 11, 61
What are the prime factors of 2809?
53
What are the prime factors of 5236?
2, 7, 11, 17
What are the prime factors of 36264?
2, 3, 1511
List the prime factors of 2937.
3, 11, 89
List the prime factors of 61445.
5, 12289
What are the prime factors of 362?
2, 181
What are the prime factors of 27443?
13, 2111
List the prime factors of 27110.
2, 5, 2711
What are the prime factors of 8909?
59, 151
List the prime factors of 45094.
2, 7, 3221
What are the prime factors of 49110?
2, 3, 5, 1637
List the prime factors of 10657.
10657
List the prime factors of 19964.
2, 7, 23, 31
List the prime factors of 14253.
3, 4751
List the prime factors of 270.
2, 3, 5
What are the prime factors of 58093?
7, 43, 193
List the prime factors of 2986.
2, 1493
What are the prime factors of 2428?
2, 607
What are the prime factors of 21193?
21193
List the prime factors of 30197.
30197
List the prime factors of 51457.
7, 7351
What are the prime factors of 28686?
2, 3, 7, 683
What are the prime factors of 2349?
3, 29
List the prime factors of 1238.
2, 619
List the prime factors of 25338.
2, 3, 41, 103
What are the prime factors of 999?
3, 37
List the prime factors of 3378.
2, 3, 563
List the prime factors of 4160.
2, 5, 13
What are the prime factors of 29403?
3, 11
List the prime factors of 46683.
3, 7, 13, 19
What are the prime factors of 2745?
3, 5, 61
What are the prime factors of 5290?
2, 5, 23
List the prime factors of 904.
2, 113
What are the prime factors of 11406?
2, 3, 1901
List the prime factors of 47999.
7, 6857
What are the prime factors of 2914?
2, 31, 47
What are the prime factors of 1901?
1901
What are the prime factors of 3501?
3, 389
List the prime factors of 62501.
62501
What are the prime factors of 10904?
2, 29, 47
What are the prime factors of 30?
2, 3, 5
List the prime factors of 1475.
5, 59
What are the prime factors of 6896?
2, 431
List the prime factors of 41226.
2, 3, 6871
List the prime factors of 2634.
2, 3, 439
What are the prime factors of 5585?
5, 1117
List the prime factors of 618.
2, 3, 103
List the prime factors of 5843.
5843
List the prime factors of 746.
2, 373
List the prime factors of 629.
17, 37
List the prime factors of 183.
3, 61
List the prime factors of 2000.
2, 5
What are the prime factors of 23045?
5, 11, 419
List the prime factors of 58515.
3, 5, 47, 83
List the prime factors of 1072.
2, 67
List the prime factors of 2642.
2, 1321
List the prime factors of 648.
2, 3
List the prime factors of 65380.
2, 5, 7, 467
List the prime factors of 692.
2, 173
What are the prime factors of 3105?
3, 5, 23
List the prime factors of 27219.
3, 43, 211
List the prime factors of 1068.
2, 3, 89
What are the prime factors of 24?
2, 3
What are the prime factors of 6893?
61, 113
List the prime factors of 443.
443
List the prime factors of 29634.
2, 3, 11, 449
List the prime factors of 9995.
5, 1999
List the prime factors of 1138.
2, 569
List the prime factors of 62321.
7, 29, 307
What are the prime factors of 9695?
5, 7, 277
What are the prime factors of 3026?
2, 17, 89
What are the prime factors of 1608?
2, 3, 67
What are the prime factors of 451?
11, 41
What are the prime factors of 11328?
2, 3, 59
List the prime factors of 1373.
1373
List the prime factors of 30669.
3, 10223
List the prime factors of 72984.
2, 3, 3041
What are the prime factors of 1253?
7, 179
What are the prime factors of 50374?
2, 89, 283
List the prime factors of 321.
3, 107
List the prime factors of 5364.
2, 3, 149
What are the prime factors of 163?
163
What are the prime factors of 11893?
7, 1699
What are the prime factors of 1440?
2, 3, 5
List the prime factors of